{"id":6,"date":"2016-06-05T20:22:17","date_gmt":"2016-06-05T19:22:17","guid":{"rendered":"http:\/\/domainedebelcastel.com\/?page_id=6"},"modified":"2017-11-26T16:44:56","modified_gmt":"2017-11-26T15:44:56","slug":"description","status":"publish","type":"page","link":"http:\/\/domainedebelcastel.com\/?page_id=6","title":{"rendered":"Pr\u00e9sentation"},"content":{"rendered":"<p style=\"text-align: justify;\">Le g\u00eete est une grande maison d&#8217;environ 200m\u00b2 qui peut accueillir jusqu&#8217;\u00e0 10 personnes. L&#8217;entr\u00e9e se fait par une grande cour, avec un barbecue pour les belles soir\u00e9es d&#8217;\u00e9t\u00e9. A l&#8217;arri\u00e8re du g\u00eete se trouve un jardin fleuri, avec une grande table \u00e0 manger et une piscine en bois hors-sol (diam\u00e8tre :4m ; profondeur: 1m20). Le soir, un beau coucher de soleil vient illuminer le jardin.<\/p>\n<p style=\"text-align: justify;\">Le rez-de-chauss\u00e9e du g\u00eete se compose d&#8217;une grande cuisine \u00e9quip\u00e9e, d&#8217;un grand salon\/salle \u00e0 manger avec chemin\u00e9e, d&#8217;un salon de lecture avec un coin chambre (lit double &#8211; 140cm), une arri\u00e8re-cuisine, une buanderie et un WC.<\/p>\n<p>Le premier \u00e9tage s&#8217;agence de la fa\u00e7on suivante:<br \/>\n&#8211; une grande chambre avec un lit double (140cm), une salle de bain attenante (baignoire et WC), un dressing, une chemin\u00e9e et une terrasse couverte donnant sur la cour;<br \/>\n&#8211; trois autres chambres, dont deux avec des lits doubles (140cm et 120cm en mezzanine) et une avec deux lits simples;<br \/>\n&#8211; une salle de bain (baignoire et douche) et un WC.<\/p>\n<p>Le g\u00eete est enti\u00e8rement \u00e9quip\u00e9 (lave-linge, s\u00e8che-linge, fer \u00e0 repasser, lave-vaisselle, TV avec lecteur DVD, cha\u00eene-Hifi, lit b\u00e9b\u00e9, chaise haute et connexion WIFI).<\/p>\n<p>Le linge de maison est fourni (draps et serviettes de bain).<\/p>\n<div class=\"flexslider ewic-slider-lite is_on_\" id=\"ewic-con-5169f41daad4c7d\"><style>#ewic-con-5169f41daad4c7d .flex-direction-nav .flex-next, #ewic-con-5169f41daad4c7d .flex-direction-nav .flex-prev {opacity: 1;} #ewic-con-5169f41daad4c7d .flex-direction-nav .flex-next {right: 10px !important; text-align: right !important;} #ewic-con-5169f41daad4c7d .flex-direction-nav .flex-prev {left: 10px !important;}<\/style><div id=\"preloader-5169f41daad4c7d\" class=\"sliderpreloader\"><\/div><ul style=\"display:none;\" class=\"slides flexslider-5169f41daad4c7d\"><li class=\"ewic-slider\"><a href=\"http:\/\/domainedebelcastel.com\/wp-content\/uploads\/2016\/06\/Gite2_small.jpg\"  rel=\"ewicprettyPhoto[5169f41daad4c7d]\"><img  class=\"ewic-wid-imgs\" src=\"http:\/\/domainedebelcastel.com\/wp-content\/uploads\/2016\/06\/Gite2_small.jpg\" \/><p class=\"flex-caption\"><\/p><\/a><\/li><li class=\"ewic-slider\"><a href=\"http:\/\/domainedebelcastel.com\/wp-content\/uploads\/2016\/06\/Gite1_small.jpg\"  rel=\"ewicprettyPhoto[5169f41daad4c7d]\"><img  class=\"ewic-wid-imgs\" src=\"http:\/\/domainedebelcastel.com\/wp-content\/uploads\/2016\/06\/Gite1_small.jpg\" \/><p class=\"flex-caption\"><\/p><\/a><\/li><li class=\"ewic-slider\"><a href=\"http:\/\/domainedebelcastel.com\/wp-content\/uploads\/2016\/06\/Gite_Cour2_small.jpg\"  rel=\"ewicprettyPhoto[5169f41daad4c7d]\"><img  class=\"ewic-wid-imgs\" src=\"http:\/\/domainedebelcastel.com\/wp-content\/uploads\/2016\/06\/Gite_Cour2_small.jpg\" \/><p class=\"flex-caption\"><\/p><\/a><\/li><li class=\"ewic-slider\"><a href=\"http:\/\/domainedebelcastel.com\/wp-content\/uploads\/2016\/06\/Gite_Cour1_small.jpg\"  rel=\"ewicprettyPhoto[5169f41daad4c7d]\"><img  class=\"ewic-wid-imgs\" src=\"http:\/\/domainedebelcastel.com\/wp-content\/uploads\/2016\/06\/Gite_Cour1_small.jpg\" \/><p class=\"flex-caption\"><\/p><\/a><\/li><li class=\"ewic-slider\"><a href=\"http:\/\/domainedebelcastel.com\/wp-content\/uploads\/2017\/11\/Gite_sallemanger1_small.jpg\"  rel=\"ewicprettyPhoto[5169f41daad4c7d]\"><img  class=\"ewic-wid-imgs\" src=\"http:\/\/domainedebelcastel.com\/wp-content\/uploads\/2017\/11\/Gite_sallemanger1_small.jpg\" \/><p class=\"flex-caption\"><\/p><\/a><\/li><li class=\"ewic-slider\"><a href=\"http:\/\/domainedebelcastel.com\/wp-content\/uploads\/2017\/11\/Gite_sallemanger2_small.jpg\"  rel=\"ewicprettyPhoto[5169f41daad4c7d]\"><img  class=\"ewic-wid-imgs\" src=\"http:\/\/domainedebelcastel.com\/wp-content\/uploads\/2017\/11\/Gite_sallemanger2_small.jpg\" \/><p class=\"flex-caption\"><\/p><\/a><\/li><li class=\"ewic-slider\"><a href=\"http:\/\/domainedebelcastel.com\/wp-content\/uploads\/2017\/11\/Gite_sallemanger3_small.jpg\"  rel=\"ewicprettyPhoto[5169f41daad4c7d]\"><img  class=\"ewic-wid-imgs\" src=\"http:\/\/domainedebelcastel.com\/wp-content\/uploads\/2017\/11\/Gite_sallemanger3_small.jpg\" \/><p class=\"flex-caption\"><\/p><\/a><\/li><li class=\"ewic-slider\"><a href=\"http:\/\/domainedebelcastel.com\/wp-content\/uploads\/2017\/11\/Gite_Cuisine1_small.jpg\"  rel=\"ewicprettyPhoto[5169f41daad4c7d]\"><img  class=\"ewic-wid-imgs\" src=\"http:\/\/domainedebelcastel.com\/wp-content\/uploads\/2017\/11\/Gite_Cuisine1_small.jpg\" \/><p class=\"flex-caption\"><\/p><\/a><\/li><li class=\"ewic-slider\"><a href=\"http:\/\/domainedebelcastel.com\/wp-content\/uploads\/2017\/11\/Gite_Cuisine2_small.jpg\"  rel=\"ewicprettyPhoto[5169f41daad4c7d]\"><img  class=\"ewic-wid-imgs\" src=\"http:\/\/domainedebelcastel.com\/wp-content\/uploads\/2017\/11\/Gite_Cuisine2_small.jpg\" \/><p class=\"flex-caption\"><\/p><\/a><\/li><li class=\"ewic-slider\"><a href=\"http:\/\/domainedebelcastel.com\/wp-content\/uploads\/2017\/11\/Gite_SalonLecture_small.jpg\"  rel=\"ewicprettyPhoto[5169f41daad4c7d]\"><img  class=\"ewic-wid-imgs\" src=\"http:\/\/domainedebelcastel.com\/wp-content\/uploads\/2017\/11\/Gite_SalonLecture_small.jpg\" \/><p class=\"flex-caption\"><\/p><\/a><\/li><li class=\"ewic-slider\"><a href=\"http:\/\/domainedebelcastel.com\/wp-content\/uploads\/2017\/11\/Gite_Bureau1_small.jpg\"  rel=\"ewicprettyPhoto[5169f41daad4c7d]\"><img  class=\"ewic-wid-imgs\" src=\"http:\/\/domainedebelcastel.com\/wp-content\/uploads\/2017\/11\/Gite_Bureau1_small.jpg\" \/><p class=\"flex-caption\"><\/p><\/a><\/li><li class=\"ewic-slider\"><a href=\"http:\/\/domainedebelcastel.com\/wp-content\/uploads\/2017\/11\/Gite_Bureau3_small.jpg\"  rel=\"ewicprettyPhoto[5169f41daad4c7d]\"><img  class=\"ewic-wid-imgs\" src=\"http:\/\/domainedebelcastel.com\/wp-content\/uploads\/2017\/11\/Gite_Bureau3_small.jpg\" \/><p class=\"flex-caption\"><\/p><\/a><\/li><li class=\"ewic-slider\"><a href=\"http:\/\/domainedebelcastel.com\/wp-content\/uploads\/2017\/11\/Gite_GdeChambre1_small.jpg\"  rel=\"ewicprettyPhoto[5169f41daad4c7d]\"><img  class=\"ewic-wid-imgs\" src=\"http:\/\/domainedebelcastel.com\/wp-content\/uploads\/2017\/11\/Gite_GdeChambre1_small.jpg\" \/><p class=\"flex-caption\"><\/p><\/a><\/li><li class=\"ewic-slider\"><a href=\"http:\/\/domainedebelcastel.com\/wp-content\/uploads\/2017\/11\/Gite_GdeChambre2_small.jpg\"  rel=\"ewicprettyPhoto[5169f41daad4c7d]\"><img  class=\"ewic-wid-imgs\" src=\"http:\/\/domainedebelcastel.com\/wp-content\/uploads\/2017\/11\/Gite_GdeChambre2_small.jpg\" \/><p class=\"flex-caption\"><\/p><\/a><\/li><li class=\"ewic-slider\"><a href=\"http:\/\/domainedebelcastel.com\/wp-content\/uploads\/2017\/11\/Gite_GdeChambre3_small.jpg\"  rel=\"ewicprettyPhoto[5169f41daad4c7d]\"><img  class=\"ewic-wid-imgs\" src=\"http:\/\/domainedebelcastel.com\/wp-content\/uploads\/2017\/11\/Gite_GdeChambre3_small.jpg\" \/><p class=\"flex-caption\"><\/p><\/a><\/li><li class=\"ewic-slider\"><a href=\"http:\/\/domainedebelcastel.com\/wp-content\/uploads\/2017\/11\/Gite_Terrasse_small.jpg\"  rel=\"ewicprettyPhoto[5169f41daad4c7d]\"><img  class=\"ewic-wid-imgs\" src=\"http:\/\/domainedebelcastel.com\/wp-content\/uploads\/2017\/11\/Gite_Terrasse_small.jpg\" \/><p class=\"flex-caption\"><\/p><\/a><\/li><li class=\"ewic-slider\"><a href=\"http:\/\/domainedebelcastel.com\/wp-content\/uploads\/2017\/11\/Gite_GdeChambre_SDB_small.jpg\"  rel=\"ewicprettyPhoto[5169f41daad4c7d]\"><img  class=\"ewic-wid-imgs\" src=\"http:\/\/domainedebelcastel.com\/wp-content\/uploads\/2017\/11\/Gite_GdeChambre_SDB_small.jpg\" \/><p class=\"flex-caption\"><\/p><\/a><\/li><li class=\"ewic-slider\"><a href=\"http:\/\/domainedebelcastel.com\/wp-content\/uploads\/2017\/11\/Gite_SalleDeBains2_small.jpg\"  rel=\"ewicprettyPhoto[5169f41daad4c7d]\"><img  class=\"ewic-wid-imgs\" src=\"http:\/\/domainedebelcastel.com\/wp-content\/uploads\/2017\/11\/Gite_SalleDeBains2_small.jpg\" \/><p class=\"flex-caption\"><\/p><\/a><\/li><li class=\"ewic-slider\"><a href=\"http:\/\/domainedebelcastel.com\/wp-content\/uploads\/2017\/11\/Gite_SalleDeBains3_small.jpg\"  rel=\"ewicprettyPhoto[5169f41daad4c7d]\"><img  class=\"ewic-wid-imgs\" src=\"http:\/\/domainedebelcastel.com\/wp-content\/uploads\/2017\/11\/Gite_SalleDeBains3_small.jpg\" \/><p class=\"flex-caption\"><\/p><\/a><\/li><li class=\"ewic-slider\"><a href=\"http:\/\/domainedebelcastel.com\/wp-content\/uploads\/2017\/11\/Gite_ChambreKids1_small.jpg\"  rel=\"ewicprettyPhoto[5169f41daad4c7d]\"><img  class=\"ewic-wid-imgs\" src=\"http:\/\/domainedebelcastel.com\/wp-content\/uploads\/2017\/11\/Gite_ChambreKids1_small.jpg\" \/><p class=\"flex-caption\"><\/p><\/a><\/li><li class=\"ewic-slider\"><a href=\"http:\/\/domainedebelcastel.com\/wp-content\/uploads\/2017\/11\/Gite_ChambreKids2_small.jpg\"  rel=\"ewicprettyPhoto[5169f41daad4c7d]\"><img  class=\"ewic-wid-imgs\" src=\"http:\/\/domainedebelcastel.com\/wp-content\/uploads\/2017\/11\/Gite_ChambreKids2_small.jpg\" \/><p class=\"flex-caption\"><\/p><\/a><\/li><li class=\"ewic-slider\"><a href=\"http:\/\/domainedebelcastel.com\/wp-content\/uploads\/2017\/11\/Gite_ChambreMezza1_small.jpg\"  rel=\"ewicprettyPhoto[5169f41daad4c7d]\"><img  class=\"ewic-wid-imgs\" src=\"http:\/\/domainedebelcastel.com\/wp-content\/uploads\/2017\/11\/Gite_ChambreMezza1_small.jpg\" \/><p class=\"flex-caption\"><\/p><\/a><\/li><li class=\"ewic-slider\"><a href=\"http:\/\/domainedebelcastel.com\/wp-content\/uploads\/2017\/11\/Gite_ChambreMezza2_small.jpg\"  rel=\"ewicprettyPhoto[5169f41daad4c7d]\"><img  class=\"ewic-wid-imgs\" src=\"http:\/\/domainedebelcastel.com\/wp-content\/uploads\/2017\/11\/Gite_ChambreMezza2_small.jpg\" \/><p class=\"flex-caption\"><\/p><\/a><\/li><li class=\"ewic-slider\"><a href=\"http:\/\/domainedebelcastel.com\/wp-content\/uploads\/2017\/11\/Gite_ChambreRouge1_small.jpg\"  rel=\"ewicprettyPhoto[5169f41daad4c7d]\"><img  class=\"ewic-wid-imgs\" src=\"http:\/\/domainedebelcastel.com\/wp-content\/uploads\/2017\/11\/Gite_ChambreRouge1_small.jpg\" \/><p class=\"flex-caption\"><\/p><\/a><\/li><li class=\"ewic-slider\"><a href=\"http:\/\/domainedebelcastel.com\/wp-content\/uploads\/2017\/11\/Gite_ChambreRouge2_small.jpg\"  rel=\"ewicprettyPhoto[5169f41daad4c7d]\"><img  class=\"ewic-wid-imgs\" src=\"http:\/\/domainedebelcastel.com\/wp-content\/uploads\/2017\/11\/Gite_ChambreRouge2_small.jpg\" \/><p class=\"flex-caption\"><\/p><\/a><\/li><li class=\"ewic-slider\"><a href=\"http:\/\/domainedebelcastel.com\/wp-content\/uploads\/2017\/11\/Gite_SalleDeBainsVerte2_small.jpg\"  rel=\"ewicprettyPhoto[5169f41daad4c7d]\"><img  class=\"ewic-wid-imgs\" src=\"http:\/\/domainedebelcastel.com\/wp-content\/uploads\/2017\/11\/Gite_SalleDeBainsVerte2_small.jpg\" \/><p class=\"flex-caption\"><\/p><\/a><\/li><li class=\"ewic-slider\"><a href=\"http:\/\/domainedebelcastel.com\/wp-content\/uploads\/2017\/11\/Gite_SalleDeBainsVerte1_small.jpg\"  rel=\"ewicprettyPhoto[5169f41daad4c7d]\"><img  class=\"ewic-wid-imgs\" src=\"http:\/\/domainedebelcastel.com\/wp-content\/uploads\/2017\/11\/Gite_SalleDeBainsVerte1_small.jpg\" \/><p class=\"flex-caption\"><\/p><\/a><\/li><li class=\"ewic-slider\"><a href=\"http:\/\/domainedebelcastel.com\/wp-content\/uploads\/2017\/11\/Gite_Jardin1_small.jpg\"  rel=\"ewicprettyPhoto[5169f41daad4c7d]\"><img  class=\"ewic-wid-imgs\" src=\"http:\/\/domainedebelcastel.com\/wp-content\/uploads\/2017\/11\/Gite_Jardin1_small.jpg\" \/><p class=\"flex-caption\"><\/p><\/a><\/li><li class=\"ewic-slider\"><a href=\"http:\/\/domainedebelcastel.com\/wp-content\/uploads\/2017\/11\/Gite_Jardin2_small.jpg\"  rel=\"ewicprettyPhoto[5169f41daad4c7d]\"><img  class=\"ewic-wid-imgs\" src=\"http:\/\/domainedebelcastel.com\/wp-content\/uploads\/2017\/11\/Gite_Jardin2_small.jpg\" \/><p class=\"flex-caption\"><\/p><\/a><\/li><li class=\"ewic-slider\"><a href=\"http:\/\/domainedebelcastel.com\/wp-content\/uploads\/2017\/11\/Gite_Jardin3_small.jpg\"  rel=\"ewicprettyPhoto[5169f41daad4c7d]\"><img  class=\"ewic-wid-imgs\" src=\"http:\/\/domainedebelcastel.com\/wp-content\/uploads\/2017\/11\/Gite_Jardin3_small.jpg\" \/><p class=\"flex-caption\"><\/p><\/a><\/li><li class=\"ewic-slider\"><a href=\"http:\/\/domainedebelcastel.com\/wp-content\/uploads\/2017\/11\/Gite_Jardin4_small.jpg\"  rel=\"ewicprettyPhoto[5169f41daad4c7d]\"><img  class=\"ewic-wid-imgs\" src=\"http:\/\/domainedebelcastel.com\/wp-content\/uploads\/2017\/11\/Gite_Jardin4_small.jpg\" \/><p class=\"flex-caption\"><\/p><\/a><\/li><\/ul><script type=\"text\/javascript\">\r\n\tjQuery(document).ready(function($) {\r\n\t\t\r\n\t\t$(\"#preloader-5169f41daad4c7d\").fadeOut(500, function () {\r\n\t\t\t\r\n\t\t\t$(\"#ewic-con-5169f41daad4c7d\").addClass(\"ready_to_show\");\r\n\t\t\t\r\n\t\t\t$(\"a[rel^='ewicprettyPhoto[5169f41daad4c7d]']\").ewcPhoto({\r\n\t\t\t\ttheme: \"ewc_default\",\r\n\t\t\t\tallow_expand: false,\r\n\t\t\t\tdeeplinking: false,\r\n\t\t\t\tslideshow:5000,\r\n\t\t\t\tautoplay_slideshow:true,\r\n\t\t\t\tsocial_tools:false\r\n\t\t\t});\r\n\t\t\t\r\n\t\t\t$(\".flexslider-5169f41daad4c7d\").fadeIn(300);\r\n\t\t\t\r\n\t\t\t$(\"#ewic-con-5169f41daad4c7d\").flexslider({\r\n\t\t\t\tanimation: \"slide\",\r\n\t\t\t\tanimationSpeed: 0,\r\n\t\t\t\tuseCSS: false,\r\n\t\t\t\teasing: \"easeInQuad\",\r\n\t\t\t\tdirection: \"horizontal\",\r\n\t\t\t\tslideshow: true,\r\n\t\t\t\tsmoothHeight: true,\r\n\t\t\t\tpauseOnHover: true, \r\n\t\t\t\tcontrolNav: false,\r\n\t\t\t\tprevText: \"\",\r\n\t\t\t\tnextText: \"\",\r\n\t\t\t\trtl: false,\r\n\t\t\t\tslideshowSpeed: 5000,\r\n\t\t\t\tstart: function(slider){\r\n\t\t\t\t\t$(\"#ewic-con-5169f41daad4c7d\").find(\".flex-caption\").hide();\r\n\t\t\t\t\tvar curSlide = slider.find(\"li.flex-active-slide\");\r\n\t\t\t\t\t$(curSlide).find(\".flex-caption\").slideDown();\r\n\t\t\t\t},\r\n\t\t\t\tbefore: function(slider) {\r\n\t\t\t\t\t$(\"#ewic-con-5169f41daad4c7d\").find(\".flex-caption\").slideUp();\r\n\t\t\t\t},\r\n\t\t\t\tafter: function(slider) {\r\n\t\t\t\t\tvar curSlide = slider.find(\"li.flex-active-slide\");\r\n\t\t\t\t\t$(curSlide).find(\".flex-caption\").slideDown();\r\n\t\t\t\t}\r\n\t\t\t\t\r\n\t\t\t});\r\n\t\t\t\r\n\t\t});\r\n\t\t\t\r\n\t});\r\n<\/script><\/div>\r\n\n","protected":false},"excerpt":{"rendered":"<p>Le g\u00eete est une grande maison d&#8217;environ 200m\u00b2 qui peut accueillir jusqu&#8217;\u00e0 10 personnes. L&#8217;entr\u00e9e se fait par une grande cour, avec un barbecue pour les belles soir\u00e9es d&#8217;\u00e9t\u00e9. A l&#8217;arri\u00e8re du g\u00eete se trouve un jardin fleuri, avec une grande table \u00e0 manger et une piscine en bois hors-sol (diam\u00e8tre :4m ; profondeur: 1m20).&hellip; <\/p>\n<p class=\"toivo-read-more\"><a href=\"http:\/\/domainedebelcastel.com\/?easyimageslider=gite\" class=\"more-link\">Read more <span class=\"screen-reader-text\">Gite<\/span><\/a><\/p>\n","protected":false},"author":1,"featured_media":0,"parent":0,"menu_order":0,"comment_status":"closed","ping_status":"closed","template":"","meta":{"jetpack_post_was_ever_published":false},"jetpack_sharing_enabled":true,"jetpack_shortlink":"https:\/\/wp.me\/P7EtmU-6","_links":{"self":[{"href":"http:\/\/domainedebelcastel.com\/index.php?rest_route=\/wp\/v2\/pages\/6"}],"collection":[{"href":"http:\/\/domainedebelcastel.com\/index.php?rest_route=\/wp\/v2\/pages"}],"about":[{"href":"http:\/\/domainedebelcastel.com\/index.php?rest_route=\/wp\/v2\/types\/page"}],"author":[{"embeddable":true,"href":"http:\/\/domainedebelcastel.com\/index.php?rest_route=\/wp\/v2\/users\/1"}],"replies":[{"embeddable":true,"href":"http:\/\/domainedebelcastel.com\/index.php?rest_route=%2Fwp%2Fv2%2Fcomments&post=6"}],"version-history":[{"count":7,"href":"http:\/\/domainedebelcastel.com\/index.php?rest_route=\/wp\/v2\/pages\/6\/revisions"}],"predecessor-version":[{"id":238,"href":"http:\/\/domainedebelcastel.com\/index.php?rest_route=\/wp\/v2\/pages\/6\/revisions\/238"}],"wp:attachment":[{"href":"http:\/\/domainedebelcastel.com\/index.php?rest_route=%2Fwp%2Fv2%2Fmedia&parent=6"}],"curies":[{"name":"wp","href":"https:\/\/api.w.org\/{rel}","templated":true}]}}